{"id":805,"date":"2025-02-02T07:57:35","date_gmt":"2025-02-02T06:57:35","guid":{"rendered":"https:\/\/kkraj.pttk.pl\/?page_id=805"},"modified":"2025-12-17T19:05:53","modified_gmt":"2025-12-17T18:05:53","slug":"biuletyn-kolekcjonerski","status":"publish","type":"page","link":"https:\/\/kkraj.pttk.pl\/index.php\/biuletyn-kolekcjonerski\/","title":{"rendered":"Biuletyn kolekcjonerski"},"content":{"rendered":"<div class=\"wp-block-image is-resized\">\n<figure class=\"aligncenter size-large\"><img loading=\"lazy\" decoding=\"async\" width=\"683\" height=\"900\" src=\"https:\/\/kkraj.pttk.pl\/wp-content\/uploads\/2025\/03\/okladka-1.jpg\" alt=\"\" class=\"wp-image-1307\" srcset=\"https:\/\/kkraj.pttk.pl\/wp-content\/uploads\/2025\/03\/okladka-1.jpg 683w, https:\/\/kkraj.pttk.pl\/wp-content\/uploads\/2025\/03\/okladka-1-228x300.jpg 228w\" sizes=\"auto, (max-width: 683px) 100vw, 683px\" \/><\/figure>\n<\/div>\n\n\n<div class=\"wp-block-file\"><a id=\"wp-block-file--media-f2500d15-4390-4221-a19f-058275466198\" href=\"https:\/\/kkraj.pttk.pl\/wp-content\/uploads\/2025\/12\/Biuletyn-nr-13czesc-1-1.pdf\">Biuletyn-nr-13-cz\u0119\u015b\u0107 1<\/a><a href=\"https:\/\/kkraj.pttk.pl\/wp-content\/uploads\/2025\/12\/Biuletyn-nr-13czesc-1-1.pdf\" class=\"wp-block-file__button wp-element-button\" download aria-describedby=\"wp-block-file--media-f2500d15-4390-4221-a19f-058275466198\">Pobierz<\/a><\/div>\n\n\n\n<div class=\"wp-block-file\"><a id=\"wp-block-file--media-02bb117b-12a8-46ef-b4fa-d6eaec8ba285\" href=\"https:\/\/kkraj.pttk.pl\/wp-content\/uploads\/2025\/12\/Biuletyn-nr-13czesc-2-1.pdf\">Biuletyn-nr-13-cz\u0119\u015b\u0107 2<\/a><a href=\"https:\/\/kkraj.pttk.pl\/wp-content\/uploads\/2025\/12\/Biuletyn-nr-13czesc-2-1.pdf\" class=\"wp-block-file__button wp-element-button\" download aria-describedby=\"wp-block-file--media-02bb117b-12a8-46ef-b4fa-d6eaec8ba285\">Pobierz<\/a><\/div>\n\n\n\n<div class=\"wp-block-file\"><a id=\"wp-block-file--media-645ce5fa-3c7f-47c9-a2d1-700d451c62b4\" href=\"https:\/\/kkraj.pttk.pl\/wp-content\/uploads\/2025\/12\/Biuletyn-nr-13czesc-3.pdf\">Biuletyn-nr-13-cz\u0119\u015b\u0107 3<\/a><a href=\"https:\/\/kkraj.pttk.pl\/wp-content\/uploads\/2025\/12\/Biuletyn-nr-13czesc-3.pdf\" class=\"wp-block-file__button wp-element-button\" download aria-describedby=\"wp-block-file--media-645ce5fa-3c7f-47c9-a2d1-700d451c62b4\">Pobierz<\/a><\/div>\n\n\n\n<div class=\"wp-block-file\"><a href=\"https:\/\/kkraj.pttk.pl\/wp-content\/uploads\/2025\/02\/Biuletyn-nr-12.pdf\">Biuletyn-nr-12<\/a><a href=\"https:\/\/kkraj.pttk.pl\/wp-content\/uploads\/2025\/02\/Biuletyn-nr-12.pdf\" class=\"wp-block-file__button wp-element-button\" download>Pobierz<\/a><\/div>\n\n\n\n<div class=\"wp-block-file\"><a href=\"https:\/\/kkraj.pttk.pl\/wp-content\/uploads\/2025\/02\/Biuletyn-nr-11.pdf\">Biuletyn-nr-11<\/a><a href=\"https:\/\/kkraj.pttk.pl\/wp-content\/uploads\/2025\/02\/Biuletyn-nr-11.pdf\" class=\"wp-block-file__button wp-element-button\" download>Pobierz<\/a><\/div>\n\n\n\n<div class=\"wp-block-file\"><a href=\"https:\/\/kkraj.pttk.pl\/wp-content\/uploads\/2025\/06\/Biuletyn-nr-10.pdf\">Biuletyn-nr-10<\/a><a href=\"https:\/\/kkraj.pttk.pl\/wp-content\/uploads\/2025\/06\/Biuletyn-nr-10.pdf\" class=\"wp-block-file__button wp-element-button\" download>Pobierz<\/a><\/div>\n\n\n\n<div class=\"wp-block-file\"><a href=\"https:\/\/kkraj.pttk.pl\/wp-content\/uploads\/2025\/06\/Biuletyn-nr-9.pdf\">Biuletyn-nr-09<\/a><a href=\"https:\/\/kkraj.pttk.pl\/wp-content\/uploads\/2025\/06\/Biuletyn-nr-9.pdf\" class=\"wp-block-file__button wp-element-button\" download>Pobierz<\/a><\/div>\n\n\n\n<div class=\"wp-block-file\"><a href=\"https:\/\/kkraj.pttk.pl\/wp-content\/uploads\/2025\/06\/Biuletyn-nr-8.pdf\">Biuletyn-nr-08<\/a><a href=\"https:\/\/kkraj.pttk.pl\/wp-content\/uploads\/2025\/06\/Biuletyn-nr-8.pdf\" class=\"wp-block-file__button wp-element-button\" download>Pobierz<\/a><\/div>\n\n\n\n<div class=\"wp-block-file\"><a href=\"https:\/\/kkraj.pttk.pl\/wp-content\/uploads\/2025\/02\/Biuletyn-nr-07.pdf\">Biuletyn-nr-07<\/a><a href=\"https:\/\/kkraj.pttk.pl\/wp-content\/uploads\/2025\/02\/Biuletyn-nr-07.pdf\" class=\"wp-block-file__button wp-element-button\" download>Pobierz<\/a><\/div>\n\n\n\n<div class=\"wp-block-file\"><a href=\"https:\/\/kkraj.pttk.pl\/wp-content\/uploads\/2025\/02\/Biuletyn-nr-6.pdf\">Biuletyn-nr-06<\/a><a href=\"https:\/\/kkraj.pttk.pl\/wp-content\/uploads\/2025\/02\/Biuletyn-nr-6.pdf\" class=\"wp-block-file__button wp-element-button\" download>Pobierz<\/a><\/div>\n\n\n\n<div class=\"wp-block-file\"><a href=\"https:\/\/kkraj.pttk.pl\/wp-content\/uploads\/2025\/03\/Biuletyn-nr-5.pdf\">Biuletyn-nr-05<\/a><a href=\"https:\/\/kkraj.pttk.pl\/wp-content\/uploads\/2025\/03\/Biuletyn-nr-5.pdf\" class=\"wp-block-file__button wp-element-button\" download>Pobierz<\/a><\/div>\n\n\n\n<div class=\"wp-block-file\"><a href=\"https:\/\/kkraj.pttk.pl\/wp-content\/uploads\/2025\/03\/Biuletyn-nr-4.pdf\">Biuletyn-nr-04<\/a><a href=\"https:\/\/kkraj.pttk.pl\/wp-content\/uploads\/2025\/03\/Biuletyn-nr-4.pdf\" class=\"wp-block-file__button wp-element-button\" download>Pobierz<\/a><\/div>\n\n\n\n<div class=\"wp-block-file\"><a href=\"https:\/\/kkraj.pttk.pl\/wp-content\/uploads\/2025\/03\/Biuletyn-nr-3.pdf\">Biuletyn-nr-03<\/a><a href=\"https:\/\/kkraj.pttk.pl\/wp-content\/uploads\/2025\/03\/Biuletyn-nr-3.pdf\" class=\"wp-block-file__button wp-element-button\" download>Pobierz<\/a><\/div>\n\n\n\n<div class=\"wp-block-file\"><a href=\"https:\/\/kkraj.pttk.pl\/wp-content\/uploads\/2025\/03\/Biuletyn-nr-2.pdf\">Biuletyn-nr-02<\/a><a href=\"https:\/\/kkraj.pttk.pl\/wp-content\/uploads\/2025\/03\/Biuletyn-nr-2.pdf\" class=\"wp-block-file__button wp-element-button\" download>Pobierz<\/a><\/div>\n\n\n\n<div class=\"wp-block-file\"><a href=\"https:\/\/kkraj.pttk.pl\/wp-content\/uploads\/2025\/04\/Biuletyn-nr-1.pdf\">Biuletyn-nr-01<\/a><a href=\"https:\/\/kkraj.pttk.pl\/wp-content\/uploads\/2025\/04\/Biuletyn-nr-1.pdf\" class=\"wp-block-file__button wp-element-button\" download>Pobierz<\/a><\/div>\n\n\n\n\n\n<p><\/p>\n","protected":false},"excerpt":{"rendered":"","protected":false},"author":1,"featured_media":0,"parent":0,"menu_order":0,"comment_status":"closed","ping_status":"closed","template":"","meta":{"footnotes":""},"class_list":["post-805","page","type-page","status-publish","hentry"],"_links":{"self":[{"href":"https:\/\/kkraj.pttk.pl\/index.php\/wp-json\/wp\/v2\/pages\/805","targetHints":{"allow":["GET"]}}],"collection":[{"href":"https:\/\/kkraj.pttk.pl\/index.php\/wp-json\/wp\/v2\/pages"}],"about":[{"href":"https:\/\/kkraj.pttk.pl\/index.php\/wp-json\/wp\/v2\/types\/page"}],"author":[{"embeddable":true,"href":"https:\/\/kkraj.pttk.pl\/index.php\/wp-json\/wp\/v2\/users\/1"}],"replies":[{"embeddable":true,"href":"https:\/\/kkraj.pttk.pl\/index.php\/wp-json\/wp\/v2\/comments?post=805"}],"version-history":[{"count":28,"href":"https:\/\/kkraj.pttk.pl\/index.php\/wp-json\/wp\/v2\/pages\/805\/revisions"}],"predecessor-version":[{"id":2091,"href":"https:\/\/kkraj.pttk.pl\/index.php\/wp-json\/wp\/v2\/pages\/805\/revisions\/2091"}],"wp:attachment":[{"href":"https:\/\/kkraj.pttk.pl\/index.php\/wp-json\/wp\/v2\/media?parent=805"}],"curies":[{"name":"wp","href":"https:\/\/api.w.org\/{rel}","templated":true}]}}