{"id":451,"date":"2025-01-31T07:59:03","date_gmt":"2025-01-31T06:59:03","guid":{"rendered":"https:\/\/kkraj.pttk.pl\/?page_id=451"},"modified":"2025-01-31T07:59:03","modified_gmt":"2025-01-31T06:59:03","slug":"dolnoslaskie-kolegium-ik","status":"publish","type":"page","link":"https:\/\/kkraj.pttk.pl\/index.php\/dolnoslaskie-kolegium-ik\/","title":{"rendered":"Dolno\u015bl\u0105skie Kolegium IK"},"content":{"rendered":"<p style=\"text-align: center;\">Regionalne Kolegium Instruktor\u00f3w Krajoznawstwa &#8222;Dolny \u015al\u0105sk&#8221;<\/p>\n\n\n<ol class=\"wp-block-list\"><li><strong>Marek Rabski &#8211; Przewodnicz\u0105cy<\/strong><\/li><li>Janusz Turakiewicz &#8211; Wiceprzewodnicz\u0105cy<\/li><li>Edward Wi\u015bniewski &#8211; Sekretarz<\/li><li>Janusz Kaczmarek<\/li><li>Henryk Berczy\u0144ski<\/li><\/ol>\n","protected":false},"excerpt":{"rendered":"<p>Regionalne Kolegium Instruktor\u00f3w Krajoznawstwa &#8222;Dolny \u015al\u0105sk&#8221; Marek Rabski &#8211; Przewodnicz\u0105cy Janusz Turakiewicz &#8211; Wiceprzewodnicz\u0105cy Edward Wi\u015bniewski &#8211; Sekretarz Janusz Kaczmarek Henryk Berczy\u0144ski<\/p>\n","protected":false},"author":1,"featured_media":0,"parent":0,"menu_order":0,"comment_status":"closed","ping_status":"closed","template":"","meta":{"footnotes":""},"class_list":["post-451","page","type-page","status-publish","hentry"],"_links":{"self":[{"href":"https:\/\/kkraj.pttk.pl\/index.php\/wp-json\/wp\/v2\/pages\/451","targetHints":{"allow":["GET"]}}],"collection":[{"href":"https:\/\/kkraj.pttk.pl\/index.php\/wp-json\/wp\/v2\/pages"}],"about":[{"href":"https:\/\/kkraj.pttk.pl\/index.php\/wp-json\/wp\/v2\/types\/page"}],"author":[{"embeddable":true,"href":"https:\/\/kkraj.pttk.pl\/index.php\/wp-json\/wp\/v2\/users\/1"}],"replies":[{"embeddable":true,"href":"https:\/\/kkraj.pttk.pl\/index.php\/wp-json\/wp\/v2\/comments?post=451"}],"version-history":[{"count":1,"href":"https:\/\/kkraj.pttk.pl\/index.php\/wp-json\/wp\/v2\/pages\/451\/revisions"}],"predecessor-version":[{"id":453,"href":"https:\/\/kkraj.pttk.pl\/index.php\/wp-json\/wp\/v2\/pages\/451\/revisions\/453"}],"wp:attachment":[{"href":"https:\/\/kkraj.pttk.pl\/index.php\/wp-json\/wp\/v2\/media?parent=451"}],"curies":[{"name":"wp","href":"https:\/\/api.w.org\/{rel}","templated":true}]}}