{"id":221,"date":"2025-01-30T11:57:37","date_gmt":"2025-01-30T10:57:37","guid":{"rendered":"https:\/\/kkraj.pttk.pl\/?page_id=221"},"modified":"2025-10-07T08:38:54","modified_gmt":"2025-10-07T06:38:54","slug":"sklad-komisji","status":"publish","type":"page","link":"https:\/\/kkraj.pttk.pl\/index.php\/sklad-komisji\/","title":{"rendered":"Sk\u0142ad Komisji"},"content":{"rendered":"\n<ol class=\"wp-block-list\">\n<li><strong>Szymon Bijak &#8211; Przewodnicz\u0105cy<\/strong><\/li>\n\n\n\n<li>Ma\u0142gorzata Paw\u0142owska &#8211; Wiceprzewodnicz\u0105ca<\/li>\n\n\n\n<li>Cezary Jastrz\u0119bski &#8211; Wiceprzewodnicz\u0105cy<\/li>\n\n\n\n<li>Halina Byczek &#8211; Krasucka &#8211; Sekretarz <\/li>\n\n\n\n<li>Maciej Berny<\/li>\n\n\n\n<li>Marek Rabski (od 2025)<\/li>\n\n\n\n<li>Jacek Ramus<\/li>\n\n\n\n<li>Ma\u0142gorzata Walczak &#8211; Kubiak<\/li>\n\n\n\n<li>Andrzej Wes\u00f3\u0142<\/li>\n\n\n\n<li>Joanna Leman &#8211; Sekretarz ( 2023-2025 rezygnacja)<\/li>\n<\/ol>\n","protected":false},"excerpt":{"rendered":"","protected":false},"author":1,"featured_media":0,"parent":0,"menu_order":0,"comment_status":"closed","ping_status":"closed","template":"","meta":{"footnotes":""},"class_list":["post-221","page","type-page","status-publish","hentry"],"_links":{"self":[{"href":"https:\/\/kkraj.pttk.pl\/index.php\/wp-json\/wp\/v2\/pages\/221","targetHints":{"allow":["GET"]}}],"collection":[{"href":"https:\/\/kkraj.pttk.pl\/index.php\/wp-json\/wp\/v2\/pages"}],"about":[{"href":"https:\/\/kkraj.pttk.pl\/index.php\/wp-json\/wp\/v2\/types\/page"}],"author":[{"embeddable":true,"href":"https:\/\/kkraj.pttk.pl\/index.php\/wp-json\/wp\/v2\/users\/1"}],"replies":[{"embeddable":true,"href":"https:\/\/kkraj.pttk.pl\/index.php\/wp-json\/wp\/v2\/comments?post=221"}],"version-history":[{"count":4,"href":"https:\/\/kkraj.pttk.pl\/index.php\/wp-json\/wp\/v2\/pages\/221\/revisions"}],"predecessor-version":[{"id":1995,"href":"https:\/\/kkraj.pttk.pl\/index.php\/wp-json\/wp\/v2\/pages\/221\/revisions\/1995"}],"wp:attachment":[{"href":"https:\/\/kkraj.pttk.pl\/index.php\/wp-json\/wp\/v2\/media?parent=221"}],"curies":[{"name":"wp","href":"https:\/\/api.w.org\/{rel}","templated":true}]}}